1568?
49
Let v be (-19)/(-4) + (-12)/16. Let c be 1 - ((-10)/2 - -4). Suppose -5*d = -2*d - 2*t - 46, -c*t + 50 = 5*d. What is the greatest common divisor of v and d?
4
Let z(n) = 15*n**2 + 5*n - 7. Let x be 1 + -1*(-1 + 0). Let a be z(x). Calculate the greatest common divisor of a and 27.
9
Suppose -5*l + 2*g + 558 + 234 = 0, 4*g = 5*l - 804. What is the highest common factor of 5694 and l?
78
Let x = 3861 - 3833. Calculate the highest common divisor of 5866 and x.
14
Suppose 6*y + 490 = w + 9*y, -2414 = -5*w + 3*y. Calculate the greatest common factor of 77 and w.
11
Suppose -190 = -4*j - i, 13 + 30 = j - 2*i. Let u = -37 + j. What is the highest common divisor of u and 4?
2
Suppose -29 - 7 = 5*x + 2*p, -5*p - 39 = 4*x. Let g(i) = 5*i**2 + 8*i - 27. Let f be g(x). What is the highest common divisor of f and 15?
15
Let x be 16/24 + (-5 - 292/(-3)). Calculate the greatest common divisor of 9 and x.
3
Let u = 43 - 36. Suppose u*w = 4*w + 30. Let p(a) = 19*a - 6. Let n be p(4). Calculate the highest common divisor of n and w.
10
Let a be 986/22 - (-6)/33. Let k be (12/(-20) - -1)*a. Suppose -m - 2*v = -140, -4*m + 154 = -3*m - 5*v. Calculate the greatest common factor of k and m.
18
Suppose -27 + 197 = 85*u. Calculate the highest common divisor of u and 18.
2
Let s(h) = -20*h + 322. Let g(o) = -o**2 + 41*o + 212. Let j be g(46). Let w be s(j). Calculate the greatest common factor of 22 and w.
22
Let a(u) = 26*u - 5. Let i be a(9). Suppose -32 = -3*g + i. Let f = 451 - 422. What is the greatest common divisor of g and f?
29
Let h = 462 + -406. Calculate the greatest common divisor of h and 266.
14
Suppose -45 = -3*c + 3*f + 90, c - 57 = -3*f. Calculate the highest common factor of c and 432.
48
Let q(p) = 7*p**2 + 52*p - 263. Let k be q(5). Calculate the highest common factor of 9116 and k.
172
Let y = 244 - 244. Suppose y = -4*q + 33*q - 899. What is the greatest common divisor of q and 62?
31
Let g(z) = 11*z**2 + 2*z + 300. Let u be g(-42). What is the highest common divisor of u and 180?
180
Suppose -159 = -3*i + 5*y, 2*y - 98 = -2*i - 8. Let a(b) = 57*b**2 - b + 2. Let s be a(1). Let z = s - 34. Calculate the greatest common divisor of i and z.
24
Let i be (2/1)/(-2)*-8. Let t be (153 - (10 + -5)) + -4. Suppose -117*k - t = -119*k. Calculate the highest common divisor of i and k.
8
Let o be (-2 - 17506/(-4))/(12 - 46/4). What is the highest common divisor of 13 and o?
13
Suppose 0 = n - 1 - 6. Let x be 15/10*(-784)/(-24). What is the highest common divisor of n and x?
7
Suppose 9006 = 11*p + 68*p. Calculate the highest common divisor of p and 1330.
38
Let h be (-221)/(-2) + (-1)/2. Let m = h - 80. What is the highest common factor of 195 and m?
15
Let z be 1 - ((-6)/(-27) + 6380/(-36)). Let y = 312 - z. Suppose -2*h + y = -10. Calculate the highest common divisor of 36 and h.
36
Let t be ((-44)/(-20) + 1)*72325/22. What is the highest common factor of t and 20?
20
Suppose 0 = 7*u + 334 + 233. Let c = 64 + u. Let q = 19 + c. Calculate the highest common divisor of 6 and q.
2
Let d(m) = -m**2 + 10*m + 5. Let n be 4 + (-3)/(-6)*10. Let k be d(n). Let f be (-33)/(-22) - 554/(-4). Calculate the greatest common factor of f and k.
14
Let z(t) = t**3 - 2*t**2 + 148. Let i(f) = f**3 + 11*f**2 + 6*f - 40. Let l be i(-10). Let n be z(l). Calculate the highest common factor of n and 185.
37
Suppose -205*k + 192 = -193*k. What is the greatest common divisor of k and 1744?
16
Suppose 24*f + 68 = -148. Let l be (162/72)/(f/(-24)). What is the highest common divisor of l and 354?
6
Suppose -4*l = 8, 5*l + 53 = t + 16. Suppose 26*w = 22*w - 8. Let c be (w/3)/(1/9*-2). What is the greatest common factor of t and c?
3
Let j be 0 + 19/(114/(-516)). Let q be ((-21660)/(-50))/(-4 - j/20). What is the greatest common factor of 19 and q?
19
Suppose 3*n - 5*i - 569 = 0, -15*n + 16*n - 223 = -5*i. Let o = -167 + n. What is the greatest common divisor of o and 93?
31
Suppose 1066 + 2812 = 14*s. Let x = s + -214. Calculate the highest common factor of 14 and x.
7
Let h be (-9)/2*(-25 - -121). Let r = 490 + h. Calculate the highest common factor of 6 and r.
2
Suppose 108*r = 109*r - 1. Let k be -12 + 14 - ((r - 2) + 1). Suppose 3*s + k = -2*g, -41 = -6*g + g + 4*s. What is the highest common divisor of 55 and g?
5
Suppose 8 = 2*y, 2*z + 5*y - 848 = 9*y. Suppose -k = 8*k - z. What is the highest common divisor of 64 and k?
16
Let a(u) = 1150*u**2 - 5751*u + 11. Let r be a(5). Suppose 9 = w - 39. What is the highest common factor of r and w?
6
Let w be 2 - 1 - 2 - -67. Let i be (4/(-6))/(((-308)/(-6369))/14). Let x = i + 215. Calculate the highest common divisor of w and x.
22
Suppose -5*t + b = -6, 0 = 5*t + 48*b - 53*b + 10. Let m = 2 + -4. Let h be (-5)/m*(3 + 1 + t). What is the greatest common factor of 3 and h?
3
Let x be ((-9)/3)/(2/(-18)). Suppose 182*z - 13743 = 999. Calculate the highest common factor of z and x.
27
Let r be ((-504644)/24)/(-7) + (-7)/(-42). Suppose -15*y + 10909 = r. Calculate the greatest common factor of 62 and y.
31
Suppose 2*g + 2*x - 570 = 0, -3*g + 47*x - 42*x = -879. What is the greatest common factor of 396 and g?
36
Suppose 3*g = -39 + 45, 5*k - 185 = 5*g. Calculate the greatest common factor of 3679 and k.
13
Let j = 616 - 610. What is the highest common factor of j and 186?
6
Let r be (118 + -64)/(-1 - -3). Let n(b) = -4*b - 1. Let x be n(-7). What is the greatest common factor of x and r?
27
Let o be 3 + 0 - (4 - 1). Suppose o = -4*r + 2*s + 114, 3*s + 77 = 2*r + 6*s. Suppose -3*u + 746 = -r. What is the greatest common factor of 37 and u?
37
Suppose -5*m + 18 = -3*n + 4*n, n = -3*m + 12. Let j(t) = -21*t + 3. Let u = -272 - -272. Let l be j(u). Calculate the greatest common factor of m and l.
3
Suppose 12*j - 5*j - 973 = 0. Let r = j + -137. Suppose -2*l + 2 + 2 = 0. Calculate the greatest common divisor of l and r.
2
Let b = -706 + 721. Suppose b*x = -14*x + 2088. Calculate the highest common factor of x and 396.
36
Let z be (-6 - (26 - 5))/((-3)/20). Suppose -z = 6*u - 15*u. Suppose 5*i + 65 = 2*r - u, 3*i - 159 = -3*r. What is the greatest common factor of r and 200?
50
Let d be (-1385575)/(-703) - (-4)/74. What is the greatest common divisor of 73 and d?
73
Suppose -m + 304 = -5*n, -3*m = -2*m + 2*n - 283. Let r be (-14 - -1)*(-15504)/5928. Calculate the highest common factor of m and r.
17
Suppose 5*i + 7*b - 11*b = 2389, 0 = -4*i - 3*b + 1874. Calculate the greatest common divisor of 121 and i.
11
Suppose -3*f - 2*y + 41 = 0, 4*y = 2*f + 3 - 25. Suppose -f*a + 8*a = -45. Calculate the greatest common divisor of a and 18.
9
Let b(x) = -31*x - 4. Let m(r) = -r**2 + 25*r + 40. Let s be m(25). Let q = s + -41. Let y be b(q). Calculate the greatest common factor of 189 and y.
27
Let u(j) = 130*j**2 - j + 1. Let m be u(1). Let a be (68/12 - -3)*(-36)/(-12). Calculate the highest common divisor of m and a.
26
Let m(f) be the third derivative of f**5/30 + 25*f**4/12 - 2*f**3/3 - 24*f**2 - 1. Let z be m(-26). What is the greatest common divisor of 112 and z?
16
Let u = 7731 + -1627. Calculate the highest common factor of 56 and u.
56
Suppose -2*z - 6 = -k, z + 3*z = -4. Suppose -4*l = 75 - 11. Let o be (-3)/(2/l*6). What is the highest common divisor of o and k?
4
Let o be (2 + 94)/(33/3344). What is the greatest common divisor of o and 128?
128
Let y = -2436 - -2969. What is the greatest common factor of y and 164?
41
Let h(p) = p**2 - 6*p - 11. Let d be h(-9). Let c = d - 120. Let z = -11 - -43. Calculate the greatest common divisor of z and c.
4
Let p(o) be the second derivative of 1/2*o**3 + 10*o**2 + 0 - 6*o. Let i be p(-6). Calculate the greatest common divisor of 6 and i.
2
Let c(x) = 29*x + 21. Let p be c(3). Let a = p + -71. Suppose -40*d + a*d = -60. What is the greatest common factor of d and 5?
5
Suppose 4*n - 5*t - 21 = 0, -n - 2*t + t + 3 = 0. Suppose -4*p - n*o = -584, 0 = -p + 3*o + o + 136. Calculate the highest common divisor of 36 and p.
36
Let s = -139 - -222. Let v = s + -130. Let q = v + 57. What is the highest common factor of q and 110?
10
Suppose 0*h + 2940 = 4*h + 3*w, 0 = -4*h - w + 2948. Calculate the highest common divisor of 1394 and h.
82
Suppose 5*q - 10 = u, 3*u + 53 = 38. What is the greatest comm